{"id":531,"date":"2021-03-24T10:11:59","date_gmt":"2021-03-24T10:11:59","guid":{"rendered":"https:\/\/pedrerademeia.geoparcorigens.cat\/?page_id=531"},"modified":"2021-07-07T13:56:06","modified_gmt":"2021-07-07T13:56:06","slug":"la-dispersio-de-la-colleccio-historia-i-contingut","status":"publish","type":"page","link":"https:\/\/pedrerademeia.geoparcorigens.cat\/ca\/la-dispersio-de-la-colleccio-historia-i-contingut\/","title":{"rendered":"La dispersi\u00f3 de la col\u00b7lecci\u00f3, hist\u00f2ria i contingut"},"content":{"rendered":"\n<div class=\"wp-block-columns is-layout-flex wp-container-core-columns-is-layout-9d6595d7 wp-block-columns-is-layout-flex\">\n<div class=\"wp-block-column is-layout-flow wp-block-column-is-layout-flow\" style=\"flex-basis:100%\">\n<div class=\"wp-block-group alignfull cont--dispersio\"><div class=\"wp-block-group__inner-container is-layout-flow wp-block-group-is-layout-flow\">\n<div class=\"wp-block-columns is-layout-flex wp-container-core-columns-is-layout-9d6595d7 wp-block-columns-is-layout-flex\">\n<div class=\"wp-block-column is-layout-flow wp-block-column-is-layout-flow\">\n<figure class=\"wp-block-image alignwide size-large\"><img loading=\"lazy\" decoding=\"async\" width=\"838\" height=\"671\" src=\"\/wp-content\/uploads\/2021\/03\/img-map-geopark.jpg\" alt=\"\" class=\"wp-image-614\"\/><\/figure>\n<\/div>\n\n\n\n<div class=\"wp-block-column is-layout-flow wp-block-column-is-layout-flow\"><div class=\"wrapper-classic-paragraph\">\n<p>&nbsp;<\/p>\n<p>A pesar de ser uns jaciments que han aportant un nombre excepcional d\u2019esp\u00e8cies noves (114) i de la riquesa i diversitat de fauna i flora. Els jaciments de la Pedrera de Mei\u00e0 i la Cabroa no s\u00f3n coneguts a nivell del p\u00fablic general.<\/p>\n<p>El principal motiu del desconeixement de la import\u00e0ncia mundial d\u2019aquests f\u00f2ssils rau en la dispersi\u00f3 de la col\u00b7lecci\u00f3, fruit de les nombroses campanyes d\u2019excavaci\u00f3 fetes per institucions cient\u00edfiques i tamb\u00e9 per particulars.<\/p>\n<p>Actualment es coneixen uns 8.000 f\u00f2ssils dipositats en una dotzena de col\u00b7leccions p\u00fabliques i un nombre indeterminat en col\u00b7leccions privades.<\/p>\n<\/div><\/div>\n<\/div>\n<\/div><\/div>\n<\/div>\n<\/div>\n","protected":false},"excerpt":{"rendered":"<p>&nbsp; A pesar de ser uns jaciments que han aportant un nombre excepcional d\u2019esp\u00e8cies noves (114) i de la riquesa i diversitat de fauna i flora. Els jaciments de la Pedrera de Mei\u00e0 i la Cabroa no s\u00f3n coneguts a nivell del p\u00fablic general. El principal motiu del desconeixement de la import\u00e0ncia mundial d\u2019aquests f\u00f2ssils [&hellip;]<\/p>\n","protected":false},"author":1,"featured_media":0,"parent":0,"menu_order":0,"comment_status":"closed","ping_status":"closed","template":"page-templates\/page-collections.php","meta":{"_acf_changed":false,"footnotes":""},"class_list":["post-531","page","type-page","status-publish","hentry"],"acf":[],"yoast_head":"<!-- This site is optimized with the Yoast SEO plugin v27.4 - https:\/\/yoast.com\/product\/yoast-seo-wordpress\/ -->\n<title>La dispersi\u00f3 de la col\u00b7lecci\u00f3, hist\u00f2ria i contingut - Pedrera de Meia - Geoparc Origens<\/title>\n<meta name=\"robots\" content=\"index, follow, max-snippet:-1, max-image-preview:large, max-video-preview:-1\" \/>\n<link rel=\"canonical\" href=\"https:\/\/pedrerademeia.geoparcorigens.cat\/ca\/la-dispersio-de-la-colleccio-historia-i-contingut\/\" \/>\n<meta property=\"og:locale\" content=\"ca_ES\" \/>\n<meta property=\"og:type\" content=\"article\" \/>\n<meta property=\"og:title\" content=\"La dispersi\u00f3 de la col\u00b7lecci\u00f3, hist\u00f2ria i contingut - Pedrera de Meia - Geoparc Origens\" \/>\n<meta property=\"og:description\" content=\"&nbsp; A pesar de ser uns jaciments que han aportant un nombre excepcional d\u2019esp\u00e8cies noves (114) i de la riquesa i diversitat de fauna i flora. Els jaciments de la Pedrera de Mei\u00e0 i la Cabroa no s\u00f3n coneguts a nivell del p\u00fablic general. El principal motiu del desconeixement de la import\u00e0ncia mundial d\u2019aquests f\u00f2ssils [&hellip;]\" \/>\n<meta property=\"og:url\" content=\"https:\/\/pedrerademeia.geoparcorigens.cat\/ca\/la-dispersio-de-la-colleccio-historia-i-contingut\/\" \/>\n<meta property=\"og:site_name\" content=\"Pedrera de Meia - Geoparc Origens\" \/>\n<meta property=\"article:modified_time\" content=\"2021-07-07T13:56:06+00:00\" \/>\n<meta name=\"twitter:card\" content=\"summary_large_image\" \/>\n<meta name=\"twitter:label1\" content=\"Temps estimat de lectura\" \/>\n\t<meta name=\"twitter:data1\" content=\"1 minut\" \/>\n<script type=\"application\/ld+json\" class=\"yoast-schema-graph\">{\"@context\":\"https:\\\/\\\/schema.org\",\"@graph\":[{\"@type\":\"WebPage\",\"@id\":\"https:\\\/\\\/pedrerademeia.geoparcorigens.cat\\\/ca\\\/la-dispersio-de-la-colleccio-historia-i-contingut\\\/\",\"url\":\"https:\\\/\\\/pedrerademeia.geoparcorigens.cat\\\/ca\\\/la-dispersio-de-la-colleccio-historia-i-contingut\\\/\",\"name\":\"La dispersi\u00f3 de la col\u00b7lecci\u00f3, hist\u00f2ria i contingut - Pedrera de Meia - Geoparc Origens\",\"isPartOf\":{\"@id\":\"https:\\\/\\\/pedrerademeia.geoparcorigens.cat\\\/ca\\\/#website\"},\"datePublished\":\"2021-03-24T10:11:59+00:00\",\"dateModified\":\"2021-07-07T13:56:06+00:00\",\"breadcrumb\":{\"@id\":\"https:\\\/\\\/pedrerademeia.geoparcorigens.cat\\\/ca\\\/la-dispersio-de-la-colleccio-historia-i-contingut\\\/#breadcrumb\"},\"inLanguage\":\"ca\",\"potentialAction\":[{\"@type\":\"ReadAction\",\"target\":[\"https:\\\/\\\/pedrerademeia.geoparcorigens.cat\\\/ca\\\/la-dispersio-de-la-colleccio-historia-i-contingut\\\/\"]}]},{\"@type\":\"BreadcrumbList\",\"@id\":\"https:\\\/\\\/pedrerademeia.geoparcorigens.cat\\\/ca\\\/la-dispersio-de-la-colleccio-historia-i-contingut\\\/#breadcrumb\",\"itemListElement\":[{\"@type\":\"ListItem\",\"position\":1,\"name\":\"Portada\",\"item\":\"https:\\\/\\\/pedrerademeia.geoparcorigens.cat\\\/ca\\\/\"},{\"@type\":\"ListItem\",\"position\":2,\"name\":\"La dispersi\u00f3 de la col\u00b7lecci\u00f3, hist\u00f2ria i contingut\"}]},{\"@type\":\"WebSite\",\"@id\":\"https:\\\/\\\/pedrerademeia.geoparcorigens.cat\\\/ca\\\/#website\",\"url\":\"https:\\\/\\\/pedrerademeia.geoparcorigens.cat\\\/ca\\\/\",\"name\":\"Pedrera de Meia - Geoparc Origens\",\"description\":\"Otro sitio realizado con WordPress\",\"publisher\":{\"@id\":\"https:\\\/\\\/pedrerademeia.geoparcorigens.cat\\\/ca\\\/#organization\"},\"potentialAction\":[{\"@type\":\"SearchAction\",\"target\":{\"@type\":\"EntryPoint\",\"urlTemplate\":\"https:\\\/\\\/pedrerademeia.geoparcorigens.cat\\\/ca\\\/?s={search_term_string}\"},\"query-input\":{\"@type\":\"PropertyValueSpecification\",\"valueRequired\":true,\"valueName\":\"search_term_string\"}}],\"inLanguage\":\"ca\"},{\"@type\":\"Organization\",\"@id\":\"https:\\\/\\\/pedrerademeia.geoparcorigens.cat\\\/ca\\\/#organization\",\"name\":\"Pedrera de Meia - Geoparc Origens\",\"url\":\"https:\\\/\\\/pedrerademeia.geoparcorigens.cat\\\/ca\\\/\",\"logo\":{\"@type\":\"ImageObject\",\"inLanguage\":\"ca\",\"@id\":\"https:\\\/\\\/pedrerademeia.geoparcorigens.cat\\\/ca\\\/#\\\/schema\\\/logo\\\/image\\\/\",\"url\":\"https:\\\/\\\/pedrerademeia.geoparcorigens.cat\\\/wp-content\\\/uploads\\\/cropped-cropped-geoparc_logo_marca_color_transparent.png\",\"contentUrl\":\"https:\\\/\\\/pedrerademeia.geoparcorigens.cat\\\/wp-content\\\/uploads\\\/cropped-cropped-geoparc_logo_marca_color_transparent.png\",\"width\":5197,\"height\":2011,\"caption\":\"Pedrera de Meia - Geoparc Origens\"},\"image\":{\"@id\":\"https:\\\/\\\/pedrerademeia.geoparcorigens.cat\\\/ca\\\/#\\\/schema\\\/logo\\\/image\\\/\"}}]}<\/script>\n<!-- \/ Yoast SEO plugin. -->","yoast_head_json":{"title":"La dispersi\u00f3 de la col\u00b7lecci\u00f3, hist\u00f2ria i contingut - Pedrera de Meia - Geoparc Origens","robots":{"index":"index","follow":"follow","max-snippet":"max-snippet:-1","max-image-preview":"max-image-preview:large","max-video-preview":"max-video-preview:-1"},"canonical":"https:\/\/pedrerademeia.geoparcorigens.cat\/ca\/la-dispersio-de-la-colleccio-historia-i-contingut\/","og_locale":"ca_ES","og_type":"article","og_title":"La dispersi\u00f3 de la col\u00b7lecci\u00f3, hist\u00f2ria i contingut - Pedrera de Meia - Geoparc Origens","og_description":"&nbsp; A pesar de ser uns jaciments que han aportant un nombre excepcional d\u2019esp\u00e8cies noves (114) i de la riquesa i diversitat de fauna i flora. Els jaciments de la Pedrera de Mei\u00e0 i la Cabroa no s\u00f3n coneguts a nivell del p\u00fablic general. El principal motiu del desconeixement de la import\u00e0ncia mundial d\u2019aquests f\u00f2ssils [&hellip;]","og_url":"https:\/\/pedrerademeia.geoparcorigens.cat\/ca\/la-dispersio-de-la-colleccio-historia-i-contingut\/","og_site_name":"Pedrera de Meia - Geoparc Origens","article_modified_time":"2021-07-07T13:56:06+00:00","twitter_card":"summary_large_image","twitter_misc":{"Temps estimat de lectura":"1 minut"},"schema":{"@context":"https:\/\/schema.org","@graph":[{"@type":"WebPage","@id":"https:\/\/pedrerademeia.geoparcorigens.cat\/ca\/la-dispersio-de-la-colleccio-historia-i-contingut\/","url":"https:\/\/pedrerademeia.geoparcorigens.cat\/ca\/la-dispersio-de-la-colleccio-historia-i-contingut\/","name":"La dispersi\u00f3 de la col\u00b7lecci\u00f3, hist\u00f2ria i contingut - Pedrera de Meia - Geoparc Origens","isPartOf":{"@id":"https:\/\/pedrerademeia.geoparcorigens.cat\/ca\/#website"},"datePublished":"2021-03-24T10:11:59+00:00","dateModified":"2021-07-07T13:56:06+00:00","breadcrumb":{"@id":"https:\/\/pedrerademeia.geoparcorigens.cat\/ca\/la-dispersio-de-la-colleccio-historia-i-contingut\/#breadcrumb"},"inLanguage":"ca","potentialAction":[{"@type":"ReadAction","target":["https:\/\/pedrerademeia.geoparcorigens.cat\/ca\/la-dispersio-de-la-colleccio-historia-i-contingut\/"]}]},{"@type":"BreadcrumbList","@id":"https:\/\/pedrerademeia.geoparcorigens.cat\/ca\/la-dispersio-de-la-colleccio-historia-i-contingut\/#breadcrumb","itemListElement":[{"@type":"ListItem","position":1,"name":"Portada","item":"https:\/\/pedrerademeia.geoparcorigens.cat\/ca\/"},{"@type":"ListItem","position":2,"name":"La dispersi\u00f3 de la col\u00b7lecci\u00f3, hist\u00f2ria i contingut"}]},{"@type":"WebSite","@id":"https:\/\/pedrerademeia.geoparcorigens.cat\/ca\/#website","url":"https:\/\/pedrerademeia.geoparcorigens.cat\/ca\/","name":"Pedrera de Meia - Geoparc Origens","description":"Otro sitio realizado con WordPress","publisher":{"@id":"https:\/\/pedrerademeia.geoparcorigens.cat\/ca\/#organization"},"potentialAction":[{"@type":"SearchAction","target":{"@type":"EntryPoint","urlTemplate":"https:\/\/pedrerademeia.geoparcorigens.cat\/ca\/?s={search_term_string}"},"query-input":{"@type":"PropertyValueSpecification","valueRequired":true,"valueName":"search_term_string"}}],"inLanguage":"ca"},{"@type":"Organization","@id":"https:\/\/pedrerademeia.geoparcorigens.cat\/ca\/#organization","name":"Pedrera de Meia - Geoparc Origens","url":"https:\/\/pedrerademeia.geoparcorigens.cat\/ca\/","logo":{"@type":"ImageObject","inLanguage":"ca","@id":"https:\/\/pedrerademeia.geoparcorigens.cat\/ca\/#\/schema\/logo\/image\/","url":"https:\/\/pedrerademeia.geoparcorigens.cat\/wp-content\/uploads\/cropped-cropped-geoparc_logo_marca_color_transparent.png","contentUrl":"https:\/\/pedrerademeia.geoparcorigens.cat\/wp-content\/uploads\/cropped-cropped-geoparc_logo_marca_color_transparent.png","width":5197,"height":2011,"caption":"Pedrera de Meia - Geoparc Origens"},"image":{"@id":"https:\/\/pedrerademeia.geoparcorigens.cat\/ca\/#\/schema\/logo\/image\/"}}]}},"_links":{"self":[{"href":"https:\/\/pedrerademeia.geoparcorigens.cat\/ca\/wp-json\/wp\/v2\/pages\/531","targetHints":{"allow":["GET"]}}],"collection":[{"href":"https:\/\/pedrerademeia.geoparcorigens.cat\/ca\/wp-json\/wp\/v2\/pages"}],"about":[{"href":"https:\/\/pedrerademeia.geoparcorigens.cat\/ca\/wp-json\/wp\/v2\/types\/page"}],"author":[{"embeddable":true,"href":"https:\/\/pedrerademeia.geoparcorigens.cat\/ca\/wp-json\/wp\/v2\/users\/1"}],"replies":[{"embeddable":true,"href":"https:\/\/pedrerademeia.geoparcorigens.cat\/ca\/wp-json\/wp\/v2\/comments?post=531"}],"version-history":[{"count":0,"href":"https:\/\/pedrerademeia.geoparcorigens.cat\/ca\/wp-json\/wp\/v2\/pages\/531\/revisions"}],"wp:attachment":[{"href":"https:\/\/pedrerademeia.geoparcorigens.cat\/ca\/wp-json\/wp\/v2\/media?parent=531"}],"curies":[{"name":"wp","href":"https:\/\/api.w.org\/{rel}","templated":true}]}}

La dispersió de la col·lecció, història i contingut

<div class="wp-block-columns is-layout-flex wp-container-core-columns-is-layout-9d6595d7 wp-block-columns-is-layout-flex">
<div class="wp-block-column is-layout-flow wp-block-column-is-layout-flow" style="flex-basis:100%">
<div class="wp-block-group alignfull cont--dispersio"><div class="wp-block-group__inner-container is-layout-flow wp-block-group-is-layout-flow">
<div class="wp-block-columns is-layout-flex wp-container-core-columns-is-layout-9d6595d7 wp-block-columns-is-layout-flex">
<div class="wp-block-column is-layout-flow wp-block-column-is-layout-flow">
<figure class="wp-block-image alignwide size-large"><img loading="lazy" decoding="async" width="838" height="671" src="/wp-content/uploads/2021/03/img-map-geopark.jpg" alt="" class="wp-image-614"/></figure>
</div>



<div class="wp-block-column is-layout-flow wp-block-column-is-layout-flow"><div class="wrapper-classic-paragraph">
<p>&nbsp;</p>
<p>A pesar de ser uns jaciments que han aportant un nombre excepcional d’espècies noves (114) i de la riquesa i diversitat de fauna i flora. Els jaciments de la Pedrera de Meià i la Cabroa no són coneguts a nivell del públic general.</p>
<p>El principal motiu del desconeixement de la importància mundial d’aquests fòssils rau en la dispersió de la col·lecció, fruit de les nombroses campanyes d’excavació fetes per institucions científiques i també per particulars.</p>
<p>Actualment es coneixen uns 8.000 fòssils dipositats en una dotzena de col·leccions públiques i un nombre indeterminat en col·leccions privades.</p>
</div></div>
</div>
</div></div>
</div>
</div>

<p>&nbsp; A pesar de ser uns jaciments que han aportant un nombre excepcional d’espècies noves (114) i de la riquesa i diversitat de fauna i flora. Els jaciments de la Pedrera de Meià i la Cabroa no són coneguts a nivell del públic general. El principal motiu del desconeixement de la importància mundial d’aquests fòssils [&hellip;]</p>

<!-- This site is optimized with the Yoast SEO plugin v27.4 - https://yoast.com/product/yoast-seo-wordpress/ -->
<title>La dispersió de la col·lecció, història i contingut - Pedrera de Meia - Geoparc Origens</title>
<meta name="robots" content="index, follow, max-snippet:-1, max-image-preview:large, max-video-preview:-1" />
<link rel="canonical" href="https://pedrerademeia.geoparcorigens.cat/ca/la-dispersio-de-la-colleccio-historia-i-contingut/" />
<meta property="og:locale" content="ca_ES" />
<meta property="og:type" content="article" />
<meta property="og:title" content="La dispersió de la col·lecció, història i contingut - Pedrera de Meia - Geoparc Origens" />
<meta property="og:description" content="&nbsp; A pesar de ser uns jaciments que han aportant un nombre excepcional d’espècies noves (114) i de la riquesa i diversitat de fauna i flora. Els jaciments de la Pedrera de Meià i la Cabroa no són coneguts a nivell del públic general. El principal motiu del desconeixement de la importància mundial d’aquests fòssils [&hellip;]" />
<meta property="og:url" content="https://pedrerademeia.geoparcorigens.cat/ca/la-dispersio-de-la-colleccio-historia-i-contingut/" />
<meta property="og:site_name" content="Pedrera de Meia - Geoparc Origens" />
<meta property="article:modified_time" content="2021-07-07T13:56:06+00:00" />
<meta name="twitter:card" content="summary_large_image" />
<meta name="twitter:label1" content="Temps estimat de lectura" />
	<meta name="twitter:data1" content="1 minut" />
<script type="application/ld+json" class="yoast-schema-graph">{"@context":"https:\/\/schema.org","@graph":[{"@type":"WebPage","@id":"https:\/\/pedrerademeia.geoparcorigens.cat\/ca\/la-dispersio-de-la-colleccio-historia-i-contingut\/","url":"https:\/\/pedrerademeia.geoparcorigens.cat\/ca\/la-dispersio-de-la-colleccio-historia-i-contingut\/","name":"La dispersió de la col·lecció, història i contingut - Pedrera de Meia - Geoparc Origens","isPartOf":{"@id":"https:\/\/pedrerademeia.geoparcorigens.cat\/ca\/#website"},"datePublished":"2021-03-24T10:11:59+00:00","dateModified":"2021-07-07T13:56:06+00:00","breadcrumb":{"@id":"https:\/\/pedrerademeia.geoparcorigens.cat\/ca\/la-dispersio-de-la-colleccio-historia-i-contingut\/#breadcrumb"},"inLanguage":"ca","potentialAction":[{"@type":"ReadAction","target":["https:\/\/pedrerademeia.geoparcorigens.cat\/ca\/la-dispersio-de-la-colleccio-historia-i-contingut\/"]}]},{"@type":"BreadcrumbList","@id":"https:\/\/pedrerademeia.geoparcorigens.cat\/ca\/la-dispersio-de-la-colleccio-historia-i-contingut\/#breadcrumb","itemListElement":[{"@type":"ListItem","position":1,"name":"Portada","item":"https:\/\/pedrerademeia.geoparcorigens.cat\/ca\/"},{"@type":"ListItem","position":2,"name":"La dispersió de la col·lecció, història i contingut"}]},{"@type":"WebSite","@id":"https:\/\/pedrerademeia.geoparcorigens.cat\/ca\/#website","url":"https:\/\/pedrerademeia.geoparcorigens.cat\/ca\/","name":"Pedrera de Meia - Geoparc Origens","description":"Otro sitio realizado con WordPress","publisher":{"@id":"https:\/\/pedrerademeia.geoparcorigens.cat\/ca\/#organization"},"potentialAction":[{"@type":"SearchAction","target":{"@type":"EntryPoint","urlTemplate":"https:\/\/pedrerademeia.geoparcorigens.cat\/ca\/?s={search_term_string}"},"query-input":{"@type":"PropertyValueSpecification","valueRequired":true,"valueName":"search_term_string"}}],"inLanguage":"ca"},{"@type":"Organization","@id":"https:\/\/pedrerademeia.geoparcorigens.cat\/ca\/#organization","name":"Pedrera de Meia - Geoparc Origens","url":"https:\/\/pedrerademeia.geoparcorigens.cat\/ca\/","logo":{"@type":"ImageObject","inLanguage":"ca","@id":"https:\/\/pedrerademeia.geoparcorigens.cat\/ca\/#\/schema\/logo\/image\/","url":"https:\/\/pedrerademeia.geoparcorigens.cat\/wp-content\/uploads\/cropped-cropped-geoparc_logo_marca_color_transparent.png","contentUrl":"https:\/\/pedrerademeia.geoparcorigens.cat\/wp-content\/uploads\/cropped-cropped-geoparc_logo_marca_color_transparent.png","width":5197,"height":2011,"caption":"Pedrera de Meia - Geoparc Origens"},"image":{"@id":"https:\/\/pedrerademeia.geoparcorigens.cat\/ca\/#\/schema\/logo\/image\/"}}]}</script>
<!-- / Yoast SEO plugin. -->

La dispersió de la col·lecció, història i contingut - Pedrera de Meia - Geoparc Origens

&nbsp; A pesar de ser uns jaciments que han aportant un nombre excepcional d’espècies noves (114) i de la riquesa i diversitat de fauna i flora. Els jaciments de la Pedrera de Meià i la Cabroa no són coneguts a nivell del públic general. El principal motiu del desconeixement de la importància mundial d’aquests fòssils [&hellip;]
